t is 275622 + 684?
276416
In base 10, what is -10510 - 33852?
-44362
In base 6, what is 12 + -310023244?
-310023232
In base 6, what is -340 - 21020453?
-21021233
In base 9, what is 35 - -775346?
775382
In base 11, what is 107 + 96990?
96a97
In base 8, what is -30 - -22033757?
22033727
In base 13, what is -5 + 8cba30?
8cba28
In base 4, what is 12102201033 - 22?
12102201011
In base 8, what is 2154 - -2003?
4157
In base 15, what is -3cb + 639d?
5ec2
In base 9, what is 74125817 + 10?
74125827
In base 12, what is 4338 + -5351?
-1015
In base 15, what is 4d7077 - -3?
4d707a
In base 11, what is -3032 + 9066a?
88638
In base 6, what is 442414 + 1242?
444100
In base 12, what is -2415 + -1656?
-3a6b
In base 14, what is -c - -20b9d03?
20b9cd5
In base 7, what is 46 - 31415311?
-31415232
In base 6, what is -224210 + -5525?
-234135
In base 15, what is -3 - 2452e5a?
-2452e5d
In base 15, what is 6 + 1e2b73?
1e2b79
In base 10, what is 3 + 2223031?
2223034
In base 16, what is -1af2d + 13df?
-19b4e
In base 6, what is 450243 - 1334?
444505
In base 14, what is -17 + -c74?
-c8b
In base 11, what is -273079 + -213?
-273291
In base 7, what is 1102045 - -12452?
1114530
In base 7, what is 120556415064 + 3?
120556415100
In base 11, what is -22 + -18287?
-182a9
In base 8, what is -2247 - 116521?
-120770
In base 14, what is -431586 - 2?
-431588
In base 11, what is 1a2 + 152684?
152876
In base 3, what is -100022110112120 + -2?
-100022110112122
In base 16, what is -332b + -83b?
-3b66
In base 9, what is 2 + -131484270?
-131484267
In base 14, what is 83daa - 58c?
8381c
In base 13, what is -c - -16c212?
16c203
In base 13, what is 47 + -4026b?
-40224
In base 4, what is -22 - -32203111121?
32203111033
In base 15, what is -4cc83c0 + -4?
-4cc83c4
In base 3, what is 1122202010 + -11112?
1122120121
In base 7, what is -13255 + -3555216?
-3601504
In base 5, what is 21130434 + 4201?
21140140
In base 16, what is 5f01b + -1?
5f01a
In base 13, what is -15b14b1 + -3?
-15b14b4
In base 13, what is 159 - -956a?
96c6
In base 14, what is -4 + 24a2c0b?
24a2c07
In base 9, what is 16360 + -871?
15378
In base 7, what is -330 + -601026?
-601356
In base 11, what is 27 - -1363259?
1363285
In base 5, what is 2300333142 - 4?
2300333133
In base 3, what is -121221 - 220000011?
-220122002
In base 11, what is -a6888 + -642?
-a741a
In base 9, what is 427770567 + -5?
427770562
In base 11, what is 138 - 136329?
-1361a1
In base 2, what is -1110110111011 + 10010101?
-1110100100110
In base 16, what is 0 - -2d8fdd?
2d8fdd
In base 12, what is 157535956 + 2?
157535958
In base 2, what is 11101010100 - 110100001010010?
-110000011111110
In base 4, what is 22322120 + 23000?
23011120
In base 4, what is -13212 + -2032100?
-2111312
In base 15, what is -86ea + ca?
-8620
In base 9, what is 1457458864 - 5?
1457458858
In base 11, what is -20093 + -552?
-20635
In base 15, what is 8dbd4 + -2cb?
8d908
In base 4, what is -11 - -10311312302231?
10311312302220
In base 7, what is 12 - 1565550?
-1565535
In base 2, what is 100 + -1011000100000100010000?
-1011000100000100001100
In base 2, what is -110000011100001000111 - 100?
-110000011100001001011
In base 16, what is 45c - 49ae?
-4552
In base 14, what is 16a007 + -69?
169d7c
In base 14, what is 8bb - -33a?
c17
In base 12, what is 1 + 1488294?
1488295
In base 7, what is -44543425 - 2?
-44543430
In base 4, what is 11 - -1111020320020?
1111020320031
In base 11, what is 5493 - -42a6?
9789
In base 6, what is 50032031 + -3?
50032024
In base 11, what is 188a4a9 + -5?
188a4a4
In base 10, what is 357778 + -119?
357659
In base 14, what is -23370d2 + -4?
-23370d6
In base 16, what is -10064 + -b4?
-10118
In base 8, what is -2 - -504236252?
504236250
In base 5, what is 222440033 - 211?
222434322
In base 3, what is 1210102 - 100202112200?
-100200202021
In base 14, what is 199 - -56cc6?
57081
In base 2, what is 1001011000100001001010110 - -1110?
1001011000100001001100100
In base 15, what is 1759db - b?
1759d0
In base 3, what is -11 + 12221110100220?
12221110100202
In base 8, what is 12570164 - -2?
12570166
In base 6, what is -115301234 + -24?
-115301302
In base 16, what is -67f9 + -9bb?
-71b4
In base 5, what is -12 - -41303342401?
41303342334
In base 11, what is 990 + 4694?
5574
In base 10, what is 28336068 + 32?
28336100
In base 2, what is 11 + 1101110000000111010101?
1101110000000111011000
In base 9, what is 0 + 57170658?
57170658
In base 5, what is -11043224413 + 10?
-11043224403
In base 12, what is -8b11605 + 3?
-8b11602
In base 8, what is -46337 + 571?
-45546
In base 8, what is 3244 - 51244?
-46000
In base 11, what is 630a0 + -142?
62a59
In base 3, what is 1010200 - 1000112200?
-222102000
In base 13, what is 160 + -2b0?
-150
In base 11, what is -3903a + 72?
-38a78
In base 7, what is -44 - 146230102?
-146230146
In base 6, what is 21150 + 13240?
34430
In base 4, what is -11 - 3010200332320?
-3010200332331
In base 9, what is 128116 + -13116?
115000
In base 2, what is 11 + 1011011010110011110000010?
1011011010110011110000101
In base 10, what is 2 - -197422?
197424
In base 12, what is 5025 - -1b?
5044
In base 15, what is -50d17ab - 0?
-50d17ab
In base 11, what is 1 + -8276aaa?
-8276aa9
In base 15, what is 1ae69bd6 + 2?
1ae69bd8
In base 16, what is -67849 + -f?
-67858
In base 12, what is -146a52 - 37?
-146a89
In base 5, what is -22404220 + 24?
-22404141
In base 9, what is 100 - 522175?
-522075
In base 11, what is -1088a - -7350?
-453a
In base 11, what is 2625744 - -10?
2625754
In base 10, what is 3 + 304529?
304532
In base 9, what is 1858668 + -18?
1858650
In base 12, what is 362355a - 3?
3623557
In base 15, what is 7e - -109ca4?
109d33
In base 10, what is 38581 + 29?
38610
In base 12, what is -3 + -a2818?
-a281b
In base 16, what is 3 - 17cd74?
-17cd71
In base 3, what is 121102212111201 - -12?
121102212111220
In base 14, what is 282a782 - -7?
282a789
In base 5, what is 11132132 - -442?
11133124
In base 12, what is a32 - 13745?
-12913
In base 11, what is -4a2 - -19508?
19016
In base 4, what is -12020313211 + 103?
-12020313102
In base 5, what is -13224212 - -103?
-13224104
In base 14, what is -681a + -28d1?
-930b
In base 13, what is -27 + 294305?
2942ab
In base 8, what is -74 + 252767?
252673
In base 8, what is 21322705 + 3?
21322710
In base 11, what is -33207 - -28?
-3318a
In base 10, what is -549588 + 2?
-549586
In base 15, what is -ba6 + -3ad?
-1064
In base 15, what is -ac11a7 + 24?
-ac1183
In base 9, what is -3 + -762841?
-762844
In base 10, what is 87782272 + -2?
87782270
In base 12, what is -1153 - 33876?
-34a09
In base 15, what is 6 - 8b3a3?
-8b39c
In base 12, what is -145 - -201881b?
2018696
In base 7, what is -3166260254 + -2?
-3166260256
In base 9, what is 406724 - 18?
406705
In base 9, what is 3 - -660363?
660366
In base 9, what is -110 + 760265?
760155
In base 9, what is -2041738 + -250?
-2042088
In base 6, what is 353220 + -2025?
351151
In base 3, what is 1021111 - 11010?
1010101
In base 2, what is -100 + 100010010100111011111110?
100010010100111011111010
In base 15, what is 3042 + -3a?
3007
In base 10, what is 247875 + 18?
247893
In base 5, what is -1333 - 1412412?
-1414300
In base 3, what is 22102 - -1100001200?
1100101002
In base 6, what is -445023 + 14430?
-430153
In base 5, what is 44303 + 422003?
1021311
In base 6, what is -2 + 345311033?
345311031
In base 9, what is -5 - 8051720?
-8051725
In base 7, what is 330 + 234103?
234433
In base 2, what is 1110110111 - -11010100111010?
11100011110001
In base 16, what is -2d963 - ba?
-2da1d
In base 14, what is -186c2 + -64c?
-18d30
In base 11, what is 0 + -85a552?
-85a552
In base 8, what is -63 - -2106561?
2106476
In base 3, what is 2 - -101220112120201?
101220112120210
In base 10, what is 504 + -524746?
-524242
In base 2, what is 100111000011 + 110101000111?
1011100001010
In base 14, what is -10087 - 11b?
-101a4
In base 10, what is -272199 + 1503?
-270696
In base 7, what is -22604 + -5661?
-31565
In base 4, what is -23122 - 233312103?
-300001231
In base 8, what is 1524 - -17044?
20570
In base 7, what is 1514044431 + -10?
1514044421
In base 4, what is 111 + -1221202012?
-1221201301
In base 16, what is 11f + f90a4?
f91c3
In base 2, what is -111010101001000110 + -1100101?
-111010101010101011
In base 14, what is c3b6b + 52c?
c4299
In base 15, wh